y 20?
19
Suppose 3*x + 5*j = 96, 0 = -5*x - 2*j + 48 + 131. What is the remainder when 762 is divided by x?
22
Let s be (-4 + 0 + 1 + 4)*2. Let t(x) = 3*x**2 + 8*x - 11. What is the remainder when t(s) is divided by 8?
1
Let r = 126 - -137. Let o = -4461 + 4505. Calculate the remainder when r is divided by o.
43
Let v = -485 + 491. Suppose 0 = -5*p + 2*d + 2875, v*p + 3*d = 3*p + 1704. Calculate the remainder when p is divided by 12.
9
Suppose -255*n + 251*n = -12352. What is the remainder when n is divided by 30?
28
Suppose 5*m + 2*o + 4 - 34 = 0, -2*m - o = -13. Let q be 200/32 + 9/12. Suppose q*h - 18 = m*h. What is the remainder when 33 is divided by h?
3
Let p = 1006 - 1495. Let s = 513 + p. What is the remainder when 116 is divided by s?
20
Let z(b) = -b**3 + 4*b**2 + 42*b + 3. Let k be z(-5). Suppose 35 = 5*h + 5*j, h - 2*j + 2 = -3. What is the remainder when h is divided by -9*6/k + 5?
1
Suppose 20 = 98*c - 93*c. Suppose c*o - 140 = 136. Let l = -38 + 75. What is the remainder when o is divided by l?
32
Suppose 7*f - 9*f = 0. Suppose f = -2*c - 2*i - 11 + 39, 3*c = 5*i + 2. What is the remainder when 38 is divided by 178/c + 4/(-90)*-5?
18
Suppose 0 = 19*k - 3*k - 1072. Let g be 6/(-18)*12/(-2). Suppose g*w + 87 = 5*z, 2*z - 1 = 5*w + 38. What is the remainder when k is divided by z?
16
Suppose 36 = 4*n - 4*g, 5*n + 7 = 3*g + 52. Let a = 413 - 398. Calculate the remainder when a is divided by n.
6
Suppose -3*f = -8*f + 40. Suppose 5*y = 3*r + 36, -2*r - f - 8 = -2*y. Calculate the remainder when 7 is divided by y.
1
Suppose 4*z + 20 = -6*z. Calculate the remainder when 15 + 148 - (z - 3) is divided by 13.
12
Suppose 0 = 3*y + 2*g - 6*g + 1819, -2*g = 5*y + 3049. Let b = -403 - y. Let w = 37 - -15. What is the remainder when b is divided by w?
50
Let f(p) = -228*p - 463. What is the remainder when f(-5) is divided by 12?
5
Calculate the remainder when (-36)/3*(10 + (-520)/39) is divided by ((-6)/(-4))/((-1)/(-6)).
4
Suppose -171*m = -8534 - 2923. Calculate the remainder when 130 is divided by m.
63
Suppose -39*p + 4*i = -40*p + 291, -847 = -3*p + i. What is the remainder when 548 is divided by p?
265
Suppose 0 = -30*y + 103*y - 20294. What is the remainder when y is divided by 15?
8
Suppose 0 = 15*p - 681 - 114. Suppose 2*l - 4*v + 1976 = 0, -4*l = -3*v - 2*v + 3961. Calculate the remainder when p is divided by l/(-35) - 2/5.
25
Let c(j) = 112*j - 723. What is the remainder when c(11) is divided by 16?
13
Let b(a) = a**2 - 12*a - 40. Calculate the remainder when 71639 is divided by b(-10).
179
Suppose -4*q - 34 = -2*c, 3*q = 2*q - 2. Suppose -c - 30 = -l. What is the remainder when l is divided by 18*(-2)/3*-1?
7
Suppose -406 - 768 = -3*q + 4*u, -5*q = -u - 1951. Calculate the remainder when 74 is divided by (q/(-25))/(2/(-5)).
35
Suppose -34*f + 864 = -31*f + f. Calculate the remainder when 567 is divided by f.
135
Suppose 0 = -g - 3*v - 0*v + 6, -g + 4 = 5*v. Suppose -g*p - 69 = -393. What is the remainder when 126 is divided by p?
18
Suppose 798460 = -90*m - 17*m + 439*m. What is the remainder when m is divided by 73?
69
Suppose -2*s - 3*h + 0*h = -1377, -5*s + 3*h + 3369 = 0. Calculate the remainder when s is divided by 76.
70
Let p(u) = -51*u - 959. Calculate the remainder when 747 is divided by p(-19).
7
Suppose 57 + 15 = -8*v. Let h be 1 + (9/v - (1 + -3)). Suppose -h*x = 5*u - 134, -2 + 21 = u + 3*x. Calculate the remainder when 50 is divided by u.
22
Suppose 5*w = -40, -4*f + 38*w - 41*w + 252 = 0. Suppose -3*t - 4*i = -340, -5*t + i = -409 - 150. What is the remainder when t is divided by f?
43
Let d(f) be the first derivative of 75*f**2/2 - 61*f + 70. What is the remainder when d(5) is divided by 53?
49
Let w = 84 + -26. Suppose -y - 279 = -4*v, 2*v + 4*y - 60 = 84. Let f = v - w. Calculate the remainder when 94 is divided by f.
10
Suppose 0 = -7*j + 2*j + 1745. Calculate the remainder when j/3 - (-3)/(-18)*-4 is divided by 17.
15
Suppose -5*t + 297 = -43. Let z = t - 64. Calculate the remainder when 65 is divided by z.
1
What is the remainder when (3/(45/(-1878)))/((-210)/25 - -8) is divided by 48?
25
What is the remainder when 2140 is divided by (-7 - 5)*(-36)/27?
12
Suppose 77*m = 46*m + 43*m - 720. What is the remainder when 192 is divided by m?
12
Let t = 2630 - 2148. Calculate the remainder when t is divided by 105.
62
Let x be (4 + -17)*-10*(-1)/(-2). Suppose x*y = 63*y + 198. Calculate the remainder when y is divided by 53.
46
Suppose 454 = -9*k + 8*k + 3*v, 3*k - v = -1362. Let r = k - -509. Let f(s) = 2*s**2. What is the remainder when r is divided by f(2)?
7
Let i(w) = -8*w + 101. Let x be i(12). Suppose 3*v + 6 + 0 = 0, 2*d = -x*v - 6. Calculate the remainder when 7 is divided by d.
1
Suppose 3*f + 4 = -o, -4*o + 6*f + 12 = 4*f. Suppose 0 = 3*m - 5 - 4, -5*m - 11 = -o*g. Let i = -48 + 85. Calculate the remainder when i is divided by g.
11
Let d(i) = 7*i + 216. What is the remainder when d(-10) is divided by 39?
29
Calculate the remainder when (10862/(-4))/(-1)*(-38)/(-76)*4 is divided by 97.
96
Suppose 3*r + 123 = 3*u, -2*u + r + 0*r = -75. Calculate the remainder when 3638 is divided by u.
0
Suppose -20 = 2*r - 6*r. Let f(c) = -3*c + 32. What is the remainder when 164 is divided by f(r)?
11
What is the remainder when 5373 is divided by 0 + 484/12 + 65/39?
39
Let o(y) = -4*y + 50. Let n be o(9). Suppose -493 = -n*u - 73. What is the remainder when u is divided by 7?
2
Let t(o) = 6*o**2 + 13*o + 3. What is the remainder when t(6) is divided by 20?
17
Suppose 0 = 10*i - 152 + 42. Suppose -13*n = i*n - 12840. What is the remainder when n is divided by 60?
55
Let q = 16343 - 16141. What is the remainder when 318 is divided by q?
116
Let y = 44 + 100. Suppose 142*z - y*z = -22. Calculate the remainder when z is divided by 9.
2
Suppose 568 = 2*t - 1134. Suppose p + t = 874. Calculate the remainder when p is divided by 15.
8
Let n(s) = 5*s - 15. What is the remainder when 2*(-3116)/(-88) - (-6)/33 is divided by n(6)?
11
Let c = 8808 - 8786. Let p = 178 - 86. What is the remainder when p is divided by c?
4
Let z be 7502 + -20 - (-5 - 3). What is the remainder when 2 - (z/(-15) + (-6)/9) is divided by 56?
54
Let s = -119 + 178. Let u = -11 + 14. Suppose 30 = u*g - 15. Calculate the remainder when s is divided by g.
14
Suppose 6*s = 5*q - 750, 3*q - 30*s + 27*s - 450 = 0. Calculate the remainder when 285 is divided by q.
135
Let w(v) = -49*v + 5930. Calculate the remainder when 838 is divided by w(104).
4
Let m = -275 + 130. Let l = -133 - m. Calculate the remainder when 105 is divided by l.
9
Let m be 1/(4/36*3). Suppose 0 = -3*f - m*p + 282, -3*f = -2*p + 151 - 458. Calculate the remainder when f is divided by 34.
31
Let w(u) = u**2 + 33*u - 1568. Calculate the remainder when w(-69) is divided by 84.
76
Let t(s) = 23*s + 2. Let j(x) = -213*x - 10401. What is the remainder when t(3) is divided by j(-49)?
35
Let r(o) be the third derivative of -o**6/120 + o**5/60 - 7*o**4/12 - 31*o**3/6 - 55*o**2 + o. What is the remainder when 562 is divided by r(-3)?
45
Let l = 1 + 25. Let f = 56 - l. Let o = 43 - f. Calculate the remainder when o is divided by 5.
3
Suppose -40 + 58 = 2*d. Let w(l) = -2*l - d*l - 22 + 8*l. Calculate the remainder when 127 is divided by w(-18).
31
Let p = -32201 - -32288. Calculate the remainder when 2179 is divided by p.
4
Suppose -5*j + 464 = -281. Let q(s) = -115*s - 2980. Calculate the remainder when j is divided by q(-26).
9
Let h(m) = 4*m**3 + 7*m - 5. Let q be h(2). Let g = q - 83. What is the remainder when g/(-63) - (-542)/(-6)*-1 is divided by 24?
19
Suppose 0 = -2*u - 66*o + 61*o + 164, 3*o + 302 = 4*u. Suppose 3*w = -3*n + 123, 3*n + 143 = 3*w + n. What is the remainder when u is divided by w?
32
Calculate the remainder when 397 is divided by 1/((2 + -17)/(-2865)).
15
Let l be 0 + -2 + -59 - (-2 - 1). Let p = l - -144. What is the remainder when p is divided by 23?
17
Let s = 8452 - 5262. Calculate the remainder when s is divided by 24.
22
Suppose 0 = 2*u + 4, 2*l - 6*u - 214 = -3*u. Calculate the remainder when 737 is divided by l.
9
Let r = 27 - 25. Let g be -3*(1 - (6 + 0)/r). Suppose 415 = 11*x - g*x. What is the remainder when x is divided by 14?
13
Let q = 1002 - 246. What is the re